
43
What is the remainder when 2978 is divided by 873?
359
Calculate the remainder when 152626 is divided by 551.
550
Calculate the remainder when 15009 is divided by 3721.
125
What is the remainder when 30955 is divided by 218?
217
What is the remainder when 1569407 is divided by 122?
121
Calculate the remainder when 43600 is divided by 4353.
70
Calculate the remainder when 6355 is divided by 236.
219
Calculate the remainder when 230355 is divided by 25.
5
What is the remainder when 29160 is divided by 19?
14
What is the remainder when 830 is divided by 159?
35
Calculate the remainder when 1190301 is divided by 32.
29
Calculate the remainder when 2474 is divided by 278.
250
What is the remainder when 62090 is divided by 865?
675
Calculate the remainder when 644 is divided by 171.
131
Calculate the remainder when 27026 is divided by 52.
38
What is the remainder when 664 is divided by 378?
286
What is the remainder when 9552 is divided by 76?
52
Calculate the remainder when 415309 is divided by 1389.
1387
Calculate the remainder when 435359 is divided by 21767.
19
Calculate the remainder when 1046952 is divided by 195.
192
What is the remainder when 29721 is divided by 19?
5
Calculate the remainder when 1492 is divided by 430.
202
What is the remainder when 4342 is divided by 516?
214
What is the remainder when 7343 is divided by 118?
27
Calculate the remainder when 1975 is divided by 76.
75
What is the remainder when 626 is divided by 70?
66
What is the remainder when 632334 is divided by 55?
54
Calculate the remainder when 24150 is divided by 4829.
5
What is the remainder when 3092 is divided by 106?
18
Calculate the remainder when 21747 is divided by 558.
543
What is the remainder when 108210 is divided by 38?
24
What is the remainder when 994 is divided by 213?
142
Calculate the remainder when 22892 is divided by 16.
12
Calculate the remainder when 1157197 is divided by 176.
173
Calculate the remainder when 40122 is divided by 10002.
114
What is the remainder when 195744 is divided by 16?
0
What is the remainder when 344 is divided by 312?
32
Calculate the remainder when 56043 is divided by 95.
88
What is the remainder when 123217 is divided by 41072?
1
What is the remainder when 25244 is divided by 12595?
54
Calculate the remainder when 3562 is divided by 474.
244
Calculate the remainder when 94876 is divided by 1009.
30
What is the remainder when 2189 is divided by 261?
101
Calculate the remainder when 13351 is divided by 33.
19
Calculate the remainder when 2402 is divided by 109.
4
Calculate the remainder when 5444 is divided by 5417.
27
Calculate the remainder when 17231 is divided by 7.
4
What is the remainder when 63188 is divided by 177?
176
Calculate the remainder when 1878 is divided by 16.
6
Calculate the remainder when 30478 is divided by 442.
422
Calculate the remainder when 1130 is divided by 103.
100
Calculate the remainder when 18404 is divided by 118.
114
What is the remainder when 10788 is divided by 398?
42
Calculate the remainder when 1001 is divided by 963.
38
Calculate the remainder when 3455 is divided by 1023.
386
Calculate the remainder when 19956 is divided by 19950.
6
Calculate the remainder when 109130 is divided by 204.
194
What is the remainder when 12673 is divided by 12632?
41
What is the remainder when 203127 is divided by 305?
302
Calculate the remainder when 21036 is divided by 2289.
435
Calculate the remainder when 1571 is divided by 25.
21
What is the remainder when 21790 is divided by 16?
14
What is the remainder when 1985 is divided by 1895?
90
Calculate the remainder when 6928 is divided by 1729.
12
Calculate the remainder when 641 is divided by 398.
243
What is the remainder when 8858 is divided by 832?
538
Calculate the remainder when 643 is divided by 323.
320
Calculate the remainder when 342031 is divided by 12215.
11
What is the remainder when 502332 is divided by 183?
180
Calculate the remainder when 3252 is divided by 61.
19
Calculate the remainder when 854959 is divided by 80.
79
What is the remainder when 445 is divided by 224?
221
What is the remainder when 645 is divided by 347?
298
What is the remainder when 14407 is divided by 1186?
175
What is the remainder when 66768 is divided by 66737?
31
Calculate the remainder when 1778 is divided by 112.
98
Calculate the remainder when 84064 is divided by 28014.
22
Calculate the remainder when 1186 is divided by 392.
10
What is the remainder when 5413717 is divided by 20?
17
Calculate the remainder when 8626 is divided by 289.
245
Calculate the remainder when 59811 is divided by 188.
27
What is the remainder when 802561 is divided by 755?
751
What is the remainder when 2369 is divided by 250?
119
Calculate the remainder when 77470 is divided by 45.
25
What is the remainder when 140262 is divided by 130?
122
Calculate the remainder when 1675 is divided by 629.
417
What is the remainder when 1043 is divided by 263?
254
What is the remainder when 5343 is divided by 2652?
39
Calculate the remainder when 149529 is divided by 58.
5
What is the remainder when 60632 is divided by 60617?
15
Calculate the remainder when 5849 is divided by 388.
29
Calculate the remainder when 300 is divided by 300.
0
What is the remainder when 21292 is divided by 10581?
130
Calculate the remainder when 539855 is divided by 18.
17
What is the remainder when 334670 is divided by 104?
102
What is the remainder when 14191 is divided by 4723?
22
What is the remainder when 3986 is divided by 1326?
8
What is the remainder when 22341 is divided by 205?
201
What is the remainder when 12773 is divided by 40?
13
What is the remainder when 5438 is divided by 91?
69
Calculate the remainder when 4014208 is divided by 1445.
1443
Calculate the remainder when 2860 is divided by 313.
43
Calculate the remainder when 130893 is divided by 1505.
1463
What is the remainder when 98480 is divided by 47?
15
Calculate the remainder when 9321 is divided by 76.
49
What is the remainder when 2817 is divided by 884?
165
Calculate the remainder when 105549 is divided by 18.
15
What is the remainder when 2349 is divided by 84?
81
Calculate the remainder when 3626 is divided by 3605.
21
What is the remainder when 234012 is divided by 58?
40
What is the remainder when 4072 is divided by 53?
44
What is the remainder when 14904 is divided by 4925?
129
Calculate the remainder when 4597 is divided by 1.
0
What is the remainder when 2415 is divided by 801?
12
Calculate the remainder when 97308 is divided by 1497.
3
Calculate the remainder when 6636 is divided by 48.
12
Calculate the remainder when 709298 is divided by 159.
158
What is the remainder when 363 is divided by 254?
109
What is the remainder when 6098 is divided by 1017?
1013
Calculate the remainder when 117903 is divided by 457.
454
Calculate the remainder when 12202 is divided by 718.
714
Calculate the remainder when 2572 is divided by 2013.
559
Calculate the remainder when 48249 is divided by 1131.
747
Calculate the remainder when 590 is divided by 269.
52
Calculate the remainder when 100792 is divided by 319.
307
What is the remainder when 798 is divided by 577?
221
Calculate the remainder when 23642 is divided by 1285.
512
Calculate the remainder when 5969 is divided by 314.
3
What is the remainder when 312567 is divided by 138?
135
What is the remainder when 325226 is divided by 50?
26
Calculate the remainder when 63890 is divided by 257.
154
What is the remainder when 13080 is divided by 1724?
1012
What is the remainder when 4095 is divided by 3693?
402
What is the remainder when 1806 is divided by 291?
60
What is the remainder when 350205 is divided by 38?
35
What is the remainder when 3492 is divided by 693?
27
What is the remainder when 1236905 is divided by 2356?
5
What is the remainder when 2538 is divided by 107?
77
What is the remainder when 236370 is divided by 61?
56
What is the remainder when 68490 is divided by 500?
490
Calculate the remainder when 47046 is divided by 91.
90
Calculate the remainder when 18355 is divided by 24.
19
What is the remainder when 15833 is divided by 719?
15
What is the remainder when 1130 is divided by 64?
42
What is the remainder when 5705 is divided by 2834?
37
What is the remainder when 19515 is divided 